*m + 59. List the prime factors of o(-3).
2, 83, 131
Suppose 0 = 7*w - 6370 - 17689. What are the prime factors of w?
7, 491
Let y(l) = -56*l + 136. Let o be y(14). Let f = o - -702. What are the prime factors of f?
2, 3
Let z = 75 - 2. Suppose 68 = z*d - 69*d. Suppose -d - 25 = -2*j. What are the prime factors of j?
3, 7
Let c be (-1)/(-1) + 27640 + -11 + 6. Suppose 20*a + 22*a = c. What are the prime factors of a?
2, 7, 47
Let n be ((-1)/1)/((-2)/8). Suppose -2*v + 23*j = 26*j - 149, 3*v + 5*j = 225. Suppose -5*f + n*t + 229 = 0, -t - v = -3*f + 73. List the prime factors of f.
7
Suppose -3863 + 329 = 6*b. Let o = b - -1319. List the prime factors of o.
2, 5, 73
Let d(b) = 11*b**2 - b**3 - 12*b**2 - 55 + 13*b**2 + 8 - 3*b. List the prime factors of d(11).
41
Let t(p) be the first derivative of 7*p**2/2 - 32*p - 29. List the prime factors of t(34).
2, 103
Let a = -19959 + 29776. Suppose -20*c = -a - 43. What are the prime factors of c?
17, 29
Suppose 15 = 3*d - 2*y - y, -5*y - 5 = 5*d. Let i be 6/(-8)*d + (-507)/(-6). Suppose 2*o = i + 59. List the prime factors of o.
71
Let g(v) = 20*v**2 + 4*v + 2. Let z be g(-3). Let s = z - 83. What are the prime factors of s?
3, 29
Suppose 5*z - 2366 = -w, 254 + 232 = z - 3*w. Let c = 834 - z. List the prime factors of c.
2, 3, 5
Let a be (2 - 2/(-6))*14976/(-6). Let i be a/(-30) - (-12)/(-90). Let b = 408 - i. What are the prime factors of b?
2, 107
Let z(f) = 2*f - 22. Let j be z(16). Let p(s) = -s**3 + 11*s**2 - 9*s - 5. Let q be p(j). Suppose q*g = 6*g - 69. List the prime factors of g.
3, 23
Suppose -5*r + 15 = -2*r. Suppose 0 = -r*a + 25, 25 = -u - u + 5*a. Let z = u - -78. What are the prime factors of z?
2, 3, 13
Suppose -164*c = -52*c - 860832. List the prime factors of c.
2, 3, 7, 61
Let c(b) = b**3 - 3*b**2 + 3*b - 4. Let z be c(3). Suppose -l + z*l = -l. Suppose o + o - 136 = l. List the prime factors of o.
2, 17
Let g(i) = i**3 + 101*i**2 - 21*i + 15. Let q(w) = -34*w**2 + 7*w - 5. Let s(a) = -2*g(a) - 7*q(a). List the prime factors of s(17).
2, 29
Let w(s) be the third derivative of -s**4/24 - 2*s**3/3 + 18*s**2. List the prime factors of w(-16).
2, 3
Suppose -19*k = -4*i - 16*k + 55103, 0 = i + 5*k - 13747. List the prime factors of i.
2, 11, 313
Let m = 50645 - 16037. What are the prime factors of m?
2, 3, 7, 103
Let j(o) = -o**2 - 8*o + 9. Let g be j(-8). Let c be 2013/g + 10/(-15). Let d = c - 150. List the prime factors of d.
73
Let p(q) = 8*q**2 + 17*q + 140. List the prime factors of p(-27).
37, 149
Let p(v) = -6*v**2 - 117*v**3 + 116*v**3 + v + 3 - 6. Let j = 5 + -12. What are the prime factors of p(j)?
3, 13
What are the prime factors of (-16688968)/(-1095) + 5/(-75)?
15241
Suppose 11*v + 6446 - 418 = 0. Let g = -62 - v. What are the prime factors of g?
2, 3
Let a = -46101 - -102756. What are the prime factors of a?
3, 5, 1259
Let w(a) = 174*a**2 + 85*a - 387. List the prime factors of w(6).
3, 2129
Let c(f) = 6*f**3 + 3*f**2 + 9*f - 1. Let m(p) = p**3 + p. Let y(s) = -c(s) + 5*m(s). Let b = -32 - -27. List the prime factors of y(b).
71
Let x(g) = 38*g**2 - 4*g - 8. Let u be x(-2). Suppose -46 = -3*j + u. Let t = 91 - j. What are the prime factors of t?
5
Suppose 0 = 5*x - 3*x - 4. Let g be (-42)/(-9) - ((-20)/15 + 1). Suppose -2*r - x*r + 2*o = -334, g*o = -5. List the prime factors of r.
83
Let k = -184 - -187. Suppose 25 = 5*u, 0 = k*t - 3*u - 41 - 523. What are the prime factors of t?
193
Suppose -324783 = 25*n - 147*n - 16733. List the prime factors of n.
5, 101
Suppose -9016 = -i - 4*u, 0 = u - 3*u + 8. Suppose 17*x + i = 37*x. What are the prime factors of x?
2, 3, 5
Suppose 12*c - 114 = -18. Suppose -2*s = -c*s + 3066. What are the prime factors of s?
7, 73
Let l(y) = -20*y + 19. Let k be l(-4). What are the prime factors of 2/(-9) + 121990/k?
2, 7, 11
Let x = 234 + -294. List the prime factors of (-8)/(-20) + (-8616)/x.
2, 3
Suppose -2*y + 2*c = -3*c - 70, 3*c = 4*y - 126. Suppose -i + 20 = -4*z + z, y = -2*z + 4*i. List the prime factors of ((-4)/z)/(4/800*2).
2, 5
Let q = 717 - 714. Suppose 0 = 5*c - 3*j - 3560, q*j + 2851 = 9*c - 5*c. What are the prime factors of c?
709
Let s = 12196 - -30955. List the prime factors of s.
43151
Suppose 3*o - t + 3*t = 594, 3*o = 4*t + 612. Suppose 62*n = 58*n + o. What are the prime factors of n?
2, 5
Let i be (-25)/2*(-4)/5. Let w(r) = 0 + r**3 + 4*r - 8*r**2 + 0*r + 9 - 5*r**2 + 3*r**2. List the prime factors of w(i).
7
Suppose -2*u - 25 = -7*u. Let f(y) = -2*y + 3. Let n(h) = -h + 2. Let p(c) = u*f(c) - 4*n(c). List the prime factors of p(-7).
7
Let m = 46 + -44. Let j be 1064/(-57) - m/6. What are the prime factors of 1/((-1)/(-116))*(20 + j)?
2, 29
Let p(y) = y**3 - 14*y**2 + 14*y + 10. Let h be p(13). Let d = 27 - h. Suppose 0 = 5*f + 5*t - 225, -5*f - 5*t = -d*t - 217. What are the prime factors of f?
43
Let g(n) = 354*n**2 + 500*n - 8. List the prime factors of g(-4).
2, 457
Let c(l) = -101 + 151*l - 249*l - l**2 + 137*l - 73. List the prime factors of c(27).
2, 3, 5
Let p = 5237 - -74. What are the prime factors of p?
47, 113
Suppose 6*h + 6486 = -3*k + 60678, -4*k = 4*h - 72288. What are the prime factors of k?
2, 5, 113
Let l(w) = -5*w + 43. Let j be l(8). Suppose -824 = -4*a - 4*i, 0 = 2*a - 7*i + j*i - 442. What are the prime factors of a?
211
Let n = 7559 + 1897. What are the prime factors of n?
2, 3, 197
Suppose 0 = -a + 304 + 85. Suppose h + g = a, -3*h - 180 + 1353 = -3*g. List the prime factors of h.
2, 3, 5, 13
Suppose 109*c + 278421 = 148*c. List the prime factors of c.
11, 59
Let q(u) = -5*u**3 + 13*u**2 - 4*u - 3. Let m be q(-5). Suppose t = -3*h - 0*t + m, -4*t + 1292 = 4*h. What are the prime factors of h?
2, 7, 23
Let b(x) = 9*x + 118. Let m be b(-14). Let v(c) = 10*c**2 + 4*c - 106. What are the prime factors of v(m)?
2, 251
Let y be (6 + 2 - 2)/(15/10). Suppose -2*u + 2*w + 1441 + 179 = 0, -4*u + 3256 = y*w. List the prime factors of u.
2, 7, 29
Let z(q) = q**2 + 9*q - 85. Let u be z(-16). Suppose 18006 = u*o - 10992. List the prime factors of o.
2, 3, 179
Suppose -t + 12851 = -3*w, 12*t - 8*t + 5*w = 51421. List the prime factors of t.
2, 6427
Let k be (4/6 + (-10)/15)/1. Let g be (221 - (1 - k)) + -4. Suppose t - a - g = 0, 10*t - 3*a = 5*t + 1070. List the prime factors of t.
211
Suppose -10954717 = -284*i + 357287. What are the prime factors of i?
3, 11, 17, 71
Let h = -36 + 39. Let a be (-1)/h*(-1 - (-1585)/(-5)). Let i = a - 60. List the prime factors of i.
2, 23
Suppose 5*w + 2*j = 1148, 5*j - 225 = 2*w - 661. Suppose 2342 + w = 5*t. What are the prime factors of t?
2, 257
Suppose -5*y + 8960 = 300. Suppose 36*f - 40*f = -y. Suppose -11*a = -f - 678. List the prime factors of a.
101
Suppose 2*k = 299 + 675. Suppose x - k = 6*y - 3*y, 3*x - 2*y - 1454 = 0. What are the prime factors of x?
2, 11
Let r(a) be the second derivative of a**3/2 - 17*a**2/2 - 2*a. Let i be r(7). Suppose w + 194 - 71 = i*l, -4*l - 2*w + 126 = 0. List the prime factors of l.
31
Suppose 239*b + 113*b - 4850208 = 0. What are the prime factors of b?
3, 1531
Let n(i) = -i**3 - 58*i**2 - 66*i - 151. List the prime factors of n(-61).
2, 73, 103
Let i(n) = 16*n + 526. Let k be i(0). Let a = k - 45. List the prime factors of a.
13, 37
Let k = 318 + -856. Let l = -306 - k. Suppose -4*w - 287 = -5*y + 129, 3*y + 2*w = l. What are the prime factors of y?
2, 5
Let t = -427 - -459. Suppose 11*v + t*v = 14061. What are the prime factors of v?
3, 109
Let c(s) = -709*s + 6196. What are the prime factors of c(-8)?
2, 3, 23, 43
Let k(j) = -j**2 - j + 66. Let u be k(-7). What are the prime factors of 926/(u/16 + -1)?
2, 463
Suppose 9*w - 1918 = -298. Suppose -12*n + 17*n = -w. Let f = n + 64. What are the prime factors of f?
2, 7
Suppose -m + 80 = -6*m. Let r be (1 - 1)*(-17 - m). Suppose r = 2*w - 80 - 44. List the prime factors of w.
2, 31
Let c be 6 - (-5)/((-20)/(-4)). Let t be 10/(-4)*(-5 + c). List the prime factors of (-6)/15*-5 - 315/t.
5, 13
Suppose -5*v + 185 = -3*b, 4*b - b = -v - 197. Let r = 251 + b. Suppose -5*m = -r - 234. List the prime factors of m.
2, 3, 7
Let b = 16833 - -25787. List the prime factors of b.
2, 5, 2131
Suppose 31*x = 32*x + 606. Let w = x - -1123. What are the prime factors of w?
11, 47
Suppose -t + 4*r + 172